{"id":194,"date":"2020-07-31T22:26:42","date_gmt":"2020-07-31T22:26:42","guid":{"rendered":"http:\/\/www.rozvozmedu.cz\/?post_type=product&#038;p=194"},"modified":"2024-03-03T12:22:03","modified_gmt":"2024-03-03T12:22:03","slug":"brdsky-kvetovy-med-lesni","status":"publish","type":"product","link":"https:\/\/www.rozvozmedu.cz\/?product=brdsky-kvetovy-med-lesni","title":{"rendered":"Brdsk\u00fd kv\u011btov\u00fd med 950g"},"content":{"rendered":"<p>Brdsk\u00fd med kv\u011btov\u00fd sm\u00ed\u0161en\u00fd je druh medu, kter\u00fd poch\u00e1z\u00ed z vysokohorsk\u00fdch oblast\u00ed a obsahuje nektar z r\u016fzn\u00fdch kv\u011btin. Tento med z\u00edsk\u00e1vaj\u00ed v\u010dely sb\u00edr\u00e1n\u00edm nektaru z r\u016fzn\u00fdch divok\u00fdch kv\u011btin. Chu\u0165 tohoto medu je jedine\u010dn\u00e1 a z\u00e1vis\u00ed na typech kv\u011btin, kter\u00fdch se v\u010dely nasytily. Med m\u00e1 sv\u011btle \u017elutou a\u017e st\u0159edn\u00ed barvu a m\u00edrn\u011b sladkou chu\u0165. Tento druh medu je v kulin\u00e1\u0159sk\u00e9m sv\u011bt\u011b velmi obl\u00edben\u00fd a \u010dasto se pou\u017e\u00edv\u00e1 jako p\u0159\u00edrodn\u00ed sladidlo v dezertech a n\u00e1poj\u00edch. Nav\u00edc m\u00e1 n\u011bkolik zdravotn\u00edch v\u00fdhod, jako jsou antibakteri\u00e1ln\u00ed a antioxidantov\u00e9 vlastnosti, co\u017e z n\u011bj \u010din\u00ed vynikaj\u00edc\u00ed p\u0159\u00edrodn\u00ed l\u00e9k na nachlazen\u00ed a infekce. Brdsk\u00fd med kv\u011btov\u00fd sm\u00ed\u0161en\u00fd je lahodn\u00fd a v\u00fd\u017eivn\u00fd p\u0159\u00eddavek do ka\u017ed\u00e9 kuchyn\u011b.<\/p>\n<p><strong>100% p\u0159\u00edrodn\u00ed produkt, z \u010dist\u00e9 p\u0159\u00edrody v chr\u00e1n\u011bn\u00e9 krajinn\u00e9 oblasti Brdy.<\/strong><\/p>\n","protected":false},"excerpt":{"rendered":"<p>Brdsk\u00fd med kv\u011btov\u00fd sm\u00ed\u0161en\u00fd je druh medu, kter\u00fd poch\u00e1z\u00ed z vysokohorsk\u00fdch oblast\u00ed a obsahuje nektar z r\u016fzn\u00fdch kv\u011btin. Tento med z\u00edsk\u00e1vaj\u00ed v\u010dely sb\u00edr\u00e1n\u00edm nektaru z r\u016fzn\u00fdch divok\u00fdch kv\u011btin. Chu\u0165 tohoto medu je jedine\u010dn\u00e1 a z\u00e1vis\u00ed na typech kv\u011btin, kter\u00fdch se v\u010dely nasytily. Med m\u00e1 sv\u011btle \u017elutou a\u017e st\u0159edn\u00ed barvu a m\u00edrn\u011b sladkou chu\u0165. Tento druh [&hellip;]<\/p>\n","protected":false},"featured_media":195,"template":"","meta":{"site-sidebar-layout":"default","site-content-layout":"","ast-site-content-layout":"default","site-content-style":"default","site-sidebar-style":"default","ast-global-header-display":"","ast-banner-title-visibility":"","ast-main-header-display":"","ast-hfb-above-header-display":"","ast-hfb-below-header-display":"","ast-hfb-mobile-header-display":"","site-post-title":"","ast-breadcrumbs-content":"","ast-featured-img":"","footer-sml-layout":"","theme-transparent-header-meta":"default","adv-header-id-meta":"","stick-header-meta":"","header-above-stick-meta":"","header-main-stick-meta":"","header-below-stick-meta":"","astra-migrate-meta-layouts":"set","ast-page-background-enabled":"default","ast-page-background-meta":{"desktop":{"background-color":"","background-image":"","background-repeat":"repeat","background-position":"center center","background-size":"auto","background-attachment":"scroll","background-type":"","background-media":"","overlay-type":"","overlay-color":"","overlay-opacity":"","overlay-gradient":""},"tablet":{"background-color":"","background-image":"","background-repeat":"repeat","background-position":"center center","background-size":"auto","background-attachment":"scroll","background-type":"","background-media":"","overlay-type":"","overlay-color":"","overlay-opacity":"","overlay-gradient":""},"mobile":{"background-color":"","background-image":"","background-repeat":"repeat","background-position":"center center","background-size":"auto","background-attachment":"scroll","background-type":"","background-media":"","overlay-type":"","overlay-color":"","overlay-opacity":"","overlay-gradient":""}},"ast-content-background-meta":{"desktop":{"background-color":"var(--ast-global-color-5)","background-image":"","background-repeat":"repeat","background-position":"center center","background-size":"auto","background-attachment":"scroll","background-type":"","background-media":"","overlay-type":"","overlay-color":"","overlay-opacity":"","overlay-gradient":""},"tablet":{"background-color":"var(--ast-global-color-5)","background-image":"","background-repeat":"repeat","background-position":"center center","background-size":"auto","background-attachment":"scroll","background-type":"","background-media":"","overlay-type":"","overlay-color":"","overlay-opacity":"","overlay-gradient":""},"mobile":{"background-color":"var(--ast-global-color-5)","background-image":"","background-repeat":"repeat","background-position":"center center","background-size":"auto","background-attachment":"scroll","background-type":"","background-media":"","overlay-type":"","overlay-color":"","overlay-opacity":"","overlay-gradient":""}}},"product_cat":[43],"product_tag":[],"jetpack_sharing_enabled":true,"_links":{"self":[{"href":"https:\/\/www.rozvozmedu.cz\/index.php?rest_route=\/wp\/v2\/product\/194"}],"collection":[{"href":"https:\/\/www.rozvozmedu.cz\/index.php?rest_route=\/wp\/v2\/product"}],"about":[{"href":"https:\/\/www.rozvozmedu.cz\/index.php?rest_route=\/wp\/v2\/types\/product"}],"version-history":[{"count":4,"href":"https:\/\/www.rozvozmedu.cz\/index.php?rest_route=\/wp\/v2\/product\/194\/revisions"}],"predecessor-version":[{"id":4689,"href":"https:\/\/www.rozvozmedu.cz\/index.php?rest_route=\/wp\/v2\/product\/194\/revisions\/4689"}],"wp:featuredmedia":[{"embeddable":true,"href":"https:\/\/www.rozvozmedu.cz\/index.php?rest_route=\/wp\/v2\/media\/195"}],"wp:attachment":[{"href":"https:\/\/www.rozvozmedu.cz\/index.php?rest_route=%2Fwp%2Fv2%2Fmedia&parent=194"}],"wp:term":[{"taxonomy":"product_cat","embeddable":true,"href":"https:\/\/www.rozvozmedu.cz\/index.php?rest_route=%2Fwp%2Fv2%2Fproduct_cat&post=194"},{"taxonomy":"product_tag","embeddable":true,"href":"https:\/\/www.rozvozmedu.cz\/index.php?rest_route=%2Fwp%2Fv2%2Fproduct_tag&post=194"}],"curies":[{"name":"wp","href":"https:\/\/api.w.org\/{rel}","templated":true}]}}